6153 is divided by 66.
55
What is the remainder when 46362 is divided by 11549?
166
What is the remainder when 100329070 is divided by 15596?
2
Calculate the remainder when 7475431 is divided by 1868840.
71
Calculate the remainder when 44000345 is divided by 961.
960
What is the remainder when 4648726 is divided by 873?
1
Calculate the remainder when 12384 is divided by 1430.
944
Calculate the remainder when 988056 is divided by 2889.
18
Calculate the remainder when 80670 is divided by 8058.
90
Calculate the remainder when 75690 is divided by 148.
62
Calculate the remainder when 8373543 is divided by 37.
36
What is the remainder when 64237 is divided by 6388?
357
What is the remainder when 631658 is divided by 4183?
25
Calculate the remainder when 2034687 is divided by 134.
31
Calculate the remainder when 756750 is divided by 1102.
778
Calculate the remainder when 406361 is divided by 50793.
17
Calculate the remainder when 14937 is divided by 1145.
52
Calculate the remainder when 2022491 is divided by 81.
2
What is the remainder when 6952224 is divided by 36?
12
Calculate the remainder when 482540 is divided by 19.
16
What is the remainder when 139518198 is divided by 200?
198
Calculate the remainder when 17753304 is divided by 957.
954
What is the remainder when 734261 is divided by 126?
59
What is the remainder when 769805 is divided by 383939?
1927
Calculate the remainder when 7203765 is divided by 1800934.
29
What is the remainder when 35637063 is divided by 102?
99
Calculate the remainder when 49123496 is divided by 8187245.
26
What is the remainder when 9477696 is divided by 59?
54
What is the remainder when 6411790 is divided by 652?
22
What is the remainder when 12462 is divided by 1122?
120
What is the remainder when 379012 is divided by 378876?
136
What is the remainder when 216622 is divided by 108250?
122
What is the remainder when 10678862 is divided by 3717?
3638
What is the remainder when 912369 is divided by 53668?
13
Calculate the remainder when 1289463 is divided by 429809.
36
What is the remainder when 537177 is divided by 266904?
3369
What is the remainder when 14528397 is divided by 961?
960
Calculate the remainder when 572056 is divided by 201.
10
Calculate the remainder when 774228 is divided by 66.
48
Calculate the remainder when 360990 is divided by 360971.
19
Calculate the remainder when 166466 is divided by 7146.
2108
Calculate the remainder when 124843 is divided by 7339.
80
What is the remainder when 59766218 is divided by 6640684?
62
Calculate the remainder when 2381588 is divided by 37211.
84
What is the remainder when 3088909 is divided by 217?
131
What is the remainder when 8195837 is divided by 49?
48
Calculate the remainder when 277309404 is divided by 73.
70
Calculate the remainder when 125556 is divided by 2023.
130
What is the remainder when 13716 is divided by 140?
136
What is the remainder when 6259815 is divided by 630?
135
What is the remainder when 302279 is divided by 43138?
313
Calculate the remainder when 45880574 is divided by 1503.
1499
What is the remainder when 72464 is divided by 428?
132
Calculate the remainder when 1295012 is divided by 91.
82
What is the remainder when 20472387 is divided by 1077494?
1
Calculate the remainder when 2104966 is divided by 5344.
4774
Calculate the remainder when 61959023 is divided by 893.
4
What is the remainder when 368919 is divided by 4313?
2314
What is the remainder when 7942563 is divided by 95?
88
What is the remainder when 1027505 is divided by 7894?
1285
Calculate the remainder when 9849978 is divided by 577.
11
What is the remainder when 547450424 is divided by 54?
44
What is the remainder when 11454764 is divided by 4176?
4172
Calculate the remainder when 245888 is divided by 81889.
221
Calculate the remainder when 2969221 is divided by 665.
661
What is the remainder when 913307 is divided by 171?
167
Calculate the remainder when 18458426 is divided by 677.
21
What is the remainder when 27837626 is divided by 84?
26
What is the remainder when 579642 is divided by 96593?
84
What is the remainder when 272206 is divided by 1073?
737
Calculate the remainder when 7207195 is divided by 67.
5
Calculate the remainder when 15908636 is divided by 160.
156
What is the remainder when 15997502 is divided by 258?
212
Calculate the remainder when 2422249 is divided by 5781.
10
Calculate the remainder when 48260 is divided by 23672.
916
What is the remainder when 4799704 is divided by 1199624?
1208
What is the remainder when 625477 is divided by 4035?
52
Calculate the remainder when 3845001 is divided by 174772.
17
What is the remainder when 296769 is divided by 96693?
6690
Calculate the remainder when 5286805 is divided by 98.
97
What is the remainder when 256323 is divided by 1256?
99
What is the remainder when 9509 is divided by 254?
111
What is the remainder when 3867129 is divided by 12355?
14
Calculate the remainder when 2477831 is divided by 117914.
1637
What is the remainder when 1232202 is divided by 307818?
930
Calculate the remainder when 60836403 is divided by 10139399.
9
Calculate the remainder when 4402996 is divided by 925.
921
Calculate the remainder when 422306 is divided by 140588.
542
What is the remainder when 11949 is divided by 5893?
163
What is the remainder when 570473 is divided by 18400?
73
What is the remainder when 70203 is divided by 6996?
243
What is the remainder when 3369661 is divided by 1423?
1420
What is the remainder when 136609 is divided by 22681?
523
What is the remainder when 7041667 is divided by 3358?
3299
What is the remainder when 1514216 is divided by 208?
184
Calculate the remainder when 76850 is divided by 608.
242
What is the remainder when 8039112 is divided by 59993?
50
Calculate the remainder when 736659 is divided by 38555.
4114
What is the remainder when 369955791 is divided by 4124?
4123
Calculate the remainder when 172587 is divided by 185.
167
What is the remainder when 1084178 is divided by 1112?
1090
Calculate the remainder when 985935 is divided by 82160.
15
Calculate the remainder when 33682358 is divided by 1597.
31
Calculate the remainder when 210406574 is divided by 16.
14
Calculate the remainder when 273125 is divided by 130.
125
Calculate the remainder when 1018121 is divided by 1418.
1415
Calculate the remainder when 64823 is divided by 15891.
1259
What is the remainder when 2097057 is divided by 696?
9
Calculate the remainder when 201016 is divided by 866.
104
Calculate the remainder when 2238093 is divided by 27972.
333
Calculate the remainder when 912148 is divided by 70157.
107
Calculate the remainder when 979698 is divided by 36285.
3
Calculate the remainder when 1764211 is divided by 125936.
1107
What is the remainder when 319877 is divided by 106401?
674
What is the remainder when 1123080 is divided by 29?
26
What is the remainder when 527322 is divided by 263606?
110
Calculate the remainder when 168366 is divided by 3622.
1754
What is the remainder when 5145257 is divided by 125494?
3
What is the remainder when 6657469 is divided by 2219146?
31
What is the remainder when 2583873 is divided by 34?
9
Calculate the remainder when 1081281 is divided by 49.
47
Calculate the remainder when 643741 is divided by 177.
169
Calculate the remainder when 309973 is divided by 3405.
118
What is the remainder when 260069 is divided by 43264?
485
Calculate the remainder when 2116211 is divided by 574.
447
What is the remainder when 88765 is divided by 200?
165
Calculate the remainder when 75787024 is divided by 192.
16
Calculate the remainder when 459792 is divided by 4599.
4491
Calculate the remainder when 2685822 is divided by 268582.
2
What is the remainder when 27126 is divided by 8773?
807
Calculate the remainder when 322103650 is divided by 156.
154
What is the remainder when 1331267 is divided by 266245?
42
What is the remainder when 24848659 is divided by 351?
316
What is the remainder when 2104878 is divided by 5782?
230
Calculate the remainder when 696978 is divided by 255.
63
What is the remainder when 8495906 is divided by 155?
46
Calculate the remainder when 19528459 is divided by 4882113.
7
What is the remainder when 89271 is divided by 43807?
1657
What is the remainder when 12243792 is divi